is -3 + 10011302230?
10011302221
In base 5, what is 2121 + -1320?
301
In base 2, what is -10 - 111001111001101?
-111001111001111
In base 9, what is 0 - 54538?
-54538
In base 16, what is -10f + -350a?
-3619
In base 2, what is -11 + 111110110000?
111110101101
In base 9, what is 30 + -1344?
-1314
In base 13, what is -bc7c77 - -2?
-bc7c75
In base 8, what is -27770545 + 1?
-27770544
In base 12, what is 4941b - 1?
4941a
In base 10, what is 43 - 31115?
-31072
In base 3, what is -101102 + -1101022?
-1202201
In base 6, what is -1523 + -250?
-2213
In base 15, what is 31 - -317a?
31ab
In base 9, what is -2171 + -76?
-2257
In base 12, what is -462 - b37?
-1399
In base 9, what is 127 - -171?
308
In base 6, what is -2 + -42545?
-42551
In base 14, what is -44 - 8c?
-d2
In base 6, what is -51044 + 11?
-51033
In base 7, what is 1354532 - 2?
1354530
In base 10, what is -7949 + -236?
-8185
In base 2, what is -10100000100010 + -1111?
-10100000110001
In base 11, what is -23034 - 3?
-23037
In base 15, what is -c5d - -2d?
-c30
In base 2, what is 1110001001010 + 0?
1110001001010
In base 15, what is -240 - -2d?
-212
In base 11, what is 1175 - a53?
222
In base 5, what is -210322124 + 10?
-210322114
In base 8, what is 1 - -1507576?
1507577
In base 3, what is 10110021201 - -2?
10110021210
In base 15, what is -10 + 84d?
83d
In base 5, what is 3130 + -323?
2302
In base 3, what is 12 + 22002121?
22002210
In base 13, what is 3 + -17c66?
-17c63
In base 16, what is 7813 + -f?
7804
In base 11, what is 375a5 + -4?
375a1
In base 11, what is 19 + 4520?
4539
In base 10, what is -526643 + -1?
-526644
In base 9, what is 52582 - 6?
52575
In base 15, what is 4163a1 + 0?
4163a1
In base 3, what is 1 - 10211021222?
-10211021221
In base 5, what is 3 + -2212130?
-2212122
In base 16, what is -b1 - 7c?
-12d
In base 8, what is 4 + 742511?
742515
In base 10, what is -4 + -38973?
-38977
In base 6, what is 3114132 - 3?
3114125
In base 3, what is -10 + -11211201?
-11211211
In base 7, what is 6 + -260541?
-260532
In base 15, what is 1eec + 3?
2000
In base 5, what is 22120 - 2300?
14320
In base 14, what is -4 + -2907b?
-29081
In base 7, what is -26 - 505033?
-505062
In base 6, what is -120535 - 1?
-120540
In base 7, what is 2 - -34022?
34024
In base 10, what is 8 - 3602?
-3594
In base 3, what is 2100 - 210112?
-201012
In base 10, what is 70113 - 89?
70024
In base 16, what is -125 + -219?
-33e
In base 13, what is -6 - -29b6c?
29b66
In base 8, what is 45 - 1461?
-1414
In base 8, what is -2 + -576310?
-576312
In base 11, what is -3 + 13279a?
132797
In base 6, what is 3521 - -350?
4311
In base 7, what is 23341016 - 0?
23341016
In base 11, what is 374945 + 6?
374950
In base 5, what is -200233 - -2211?
-143022
In base 11, what is -a4046 - 2?
-a4048
In base 16, what is 4 - -ddb1?
ddb5
In base 14, what is -4 + 17a1?
179b
In base 8, what is -517 + -164?
-703
In base 2, what is 11011010001 + -1011?
11011000110
In base 8, what is -531 + -17412?
-20143
In base 10, what is -11 + 835?
824
In base 13, what is -38 - ab2?
-b1a
In base 15, what is -2 + a710?
a70d
In base 11, what is -66 + -1088?
-1143
In base 13, what is 0 - 1198b0?
-1198b0
In base 16, what is -148cb - 2?
-148cd
In base 10, what is -9113 - -113?
-9000
In base 12, what is 2 + 919?
91b
In base 6, what is -1241 - 11?
-1252
In base 7, what is 60 - 202442?
-202352
In base 15, what is a0 + 5?
a5
In base 2, what is -1011100111001110 - -10001?
-1011100110111101
In base 4, what is 3 - 212112331?
-212112322
In base 10, what is -4 + -407?
-411
In base 10, what is -3114515 + 2?
-3114513
In base 13, what is 36b - 88?
2b3
In base 9, what is -8216 - 25?
-8242
In base 9, what is -36 + -72468?
-72515
In base 7, what is -11005025 - 0?
-11005025
In base 6, what is -2 - 240343?
-240345
In base 10, what is 0 - -17234?
17234
In base 13, what is 3 - -3abc90?
3abc93
In base 5, what is -20231400 - 0?
-20231400
In base 15, what is 240e - -86?
2495
In base 14, what is -1457 + 4?
-1453
In base 3, what is 1100202 + -2111?
1021021
In base 6, what is 103 - -454515?
455022
In base 4, what is 2 - 110021111?
-110021103
In base 7, what is -203 - 2146?
-2352
In base 9, what is -5 - 7063?
-7068
In base 7, what is -1556554 - 2?
-1556556
In base 11, what is -97 + -8?
-a4
In base 10, what is 66 - -11127?
11193
In base 16, what is 21 + -9d3a?
-9d19
In base 15, what is 4 - -13ed1?
13ed5
In base 9, what is -456 + -35?
-502
In base 6, what is 53131 + -442?
52245
In base 11, what is -783 + 8?
-776
In base 9, what is -1 + -1057124?
-1057125
In base 5, what is 10 + 33111?
33121
In base 9, what is 116788 - 5?
116783
In base 3, what is -1000 - -11222210?
11221210
In base 13, what is 23114 + 1?
23115
In base 13, what is -1a5c1b + 3?
-1a5c18
In base 3, what is -101122122 + 120?
-101122002
In base 9, what is -800 - -78?
-711
In base 16, what is 3 + 1de8b?
1de8e
In base 10, what is 27996 - 141?
27855
In base 8, what is 5 + 1666037?
1666044
In base 15, what is -630 - -234?
-3eb
In base 2, what is 110010 + -10000000?
-1001110
In base 4, what is -11 - -100203223?
100203212
In base 16, what is 129 - -d6?
1ff
In base 8, what is -15 - 23525?
-23542
In base 10, what is 1 + -62771?
-62770
In base 3, what is 1101 + -1100202?
-1022101
In base 8, what is 167 - 11263?
-11074
In base 10, what is 0 + -16076?
-16076
In base 3, what is 2002 + -112001?
-102222
In base 15, what is -1068 - 16?
-107e
In base 10, what is -14 - 665?
-679
In base 2, what is -1111011 + 10110?
-1100101
In base 9, what is 138588 + -3?
138585
In base 15, what is 8846 - 2?
8844
In base 2, what is -11101000010 + 10010?
-11100110000
In base 15, what is -3 + -175b?
-175e
In base 10, what is -51 - -846?
795
In base 15, what is -b9 - -47?
-72
In base 16, what is -22f92b + -4?
-22f92f
In base 15, what is -16ed8 - -1?
-16ed7
In base 12, what is -1025 - -9b5?
-230
In base 11, what is -90 - -8301?
8221
In base 15, what is -274 + -3d?
-2b2
In base 8, what is -370 - -50?
-320
In base 9, what is 135 + -8252?
-8116
In base 12, what is 9b76b + -3?
9b768
In base 8, what is -25 - 605?
-632
In base 11, what is -1502 - -2?
-1500
In base 3, what is 102022020222 + -11?
102022020211
In base 16, what is 2 + -37dd?
-37db
In base 2, what is -110010011011 + 101101111?
-101100101100
In base 14, what is 3 - -5303a?
5303d
In base 13, what is -30349 - 3?
-3034c
In base 9, what is -6 - -160400?
160383
In base 12, what is 2ab - -13?
302
In base 12, what is -5 - -5572?
5569
In base 14, what is 3 + 124265?
124268
In base 10, what is 13897 + 5?
13902
In base 2, what is -110100000111 + -1001101110?
-111101110101
In base 2, what is 0 + -10100100000011?
-10100100000011
In base 4, what is 101 + -120312?
-120211
In base 9, what is -4 - -236805?
236801
In base 13, what is a7 + -85a?
-783
In base 4, what is 233031 - 13?
233012
In base 9, what is -528472 + 4?
-528467
In base 3, what is 111 + -120112002?
-120111121
In base 11, what is 30 + -311?
-291
In base 13, what is 3b - -200?
23b
In base 13, what is -32 - 35b0?
-3612
In base 7, what is -5 + -10232262?
-10232300
In base 12, what is 5 + -3a87?
-3a82
In base 6, what is -4103 + -5?
-4112
In base 14, what is 4 - -849c2?
849c6
In base 7, what is 3 - -40265?
40301
In base 6, what is 1135500 + -13?
1135443
In base 16, what is 102e44 + -2?
102e42
In base 2, what is -11000010 - 10110000?
-101110010
In base 9, what is 6734 + -17?
6716
In base 11, what is 11 + -11a17?
-11a06
In base 10, what is -86143 + -3?
-86146
In base 16, what is -149f - -4?
-149b
In base 3, what is 202111 - -211?
210022
In base 3, what is 20 + 220120111?
220120201
In base 11, what is 0 - 227446?
-227446
In base 2, what is 10 + -1010000011110101?
-1010000011110011
In base 5, what is -3 - 141012?
-141020
In base 15, what is 6 + 101ae?
101b5
In base 7, what is -31423 + -56?
-31512
In base 13, what is -c054 - -1?
-c053
In base 12, what is -a9478 + -1?
-a9479
In base 5, what is 32 - 421411?
-421324
In base 6, what is 5 + 23503112?
23503121
In base 4, what is 2133 - 122313?
-120120
In base 7, what is -14 + -126215?
-126232
In base 3, what is -121 - -20121210220?
20121210022
In base 2, what is -1000110 - -1001010110001?
1001001101011
In base 13, what is c - -203?
212
In base 14, what is 1 - 481?
-480
In base 3, what is 20221 + -2020112?
-1222121
In base 7, what is 300 - -1451